t is the greatest common divisor of j and a?
19
Suppose -625 = -3*a - 22*a. Suppose -87 - 463 = -2*g. What is the greatest common divisor of a and g?
25
Suppose -2*l = 4*s - 118, -3*s - l + 106 = 4*l. Calculate the highest common factor of 54 and s.
27
Let f be (48/9)/((-8)/(-12)). Let c(i) = -i**2 + 11*i - 17. Let g be c(f). Suppose -5*j + 107 = -138. Calculate the greatest common factor of g and j.
7
Suppose 621 = 8*s + 101. Calculate the greatest common factor of 208 and s.
13
Suppose 0 = j - 3*r + 30, 4*j = 3*r - 63 - 48. Let m = j + 39. What is the greatest common divisor of 48 and m?
12
Suppose 2*f - 5*u + 2*u - 103 = 0, -3*u + 162 = 3*f. Calculate the highest common divisor of f and 53.
53
Let o = -301 + 739. What is the greatest common divisor of o and 12?
6
Let j(d) = -d - 12. Let n(t) = 3*t + 35. Let y(i) = 17*j(i) + 6*n(i). Let v be (-30)/(-4)*8/6. Let s be y(v). Calculate the greatest common divisor of s and 4.
4
Let n(k) = k**3 + 6*k**2 + k - 1. Let o be n(-6). Suppose 7*c - 68 + 187 = 0. Let j = o - c. What is the greatest common factor of j and 10?
10
Let d(n) = n**2 - 4*n - 9. Let m be d(-5). Suppose -5*p + 5*s = -179 - m, 0 = 2*p - 3*s - 84. Calculate the highest common factor of p and 60.
15
Suppose -2*z = -0*u + 5*u - 144, -5*z = u - 38. Calculate the greatest common factor of u and 56.
28
Suppose 10 = 2*m - 0. Suppose -m*x - 10 = -35. Suppose -2*l + o = 2*l - 4, l = -x*o + 22. What is the highest common factor of l and 22?
2
Let m(v) = 4*v + 92. Let i be m(-5). Let n(u) = 4*u**3 - 3*u**2 + 2*u. Let p be n(2). Suppose -d + 2*d - p = 0. Calculate the highest common factor of d and i.
24
Let k = -4853 - -5056. Suppose -3*w - 2*w = -145. Calculate the highest common factor of k and w.
29
Let k(i) = i**2 - 4*i - 12. Let v be k(6). Suppose 3*x - 68 = -o - o, x + 4*o - 16 = v. What is the greatest common divisor of x and 168?
24
Suppose -3*z + 575 = 3*b + 149, 0 = 5*b + 15. Suppose -z*j = -146*j + 13. Calculate the greatest common divisor of j and 351.
13
Let n = -751 - -879. What is the greatest common divisor of n and 80?
16
Let l be (-4)/(-18) + 777/27 + -2. What is the highest common divisor of 27 and l?
27
Suppose -8*d + 4*d = -y - 382, 4*y = -4*d + 392. Calculate the greatest common factor of 6 and d.
6
Let i(p) = -p**2 + 8*p + 19. Suppose -3*q - 64 = -11*q. Let w be i(q). Calculate the highest common factor of w and 57.
19
Let c = 15 + 208. Suppose -4 = -4*g - 0*g, 2*r = g + c. What is the greatest common factor of 16 and r?
16
Let a = -113 - -117. Suppose u = a*u - 288. What is the greatest common factor of 72 and u?
24
Let a(d) = -40*d - 8. Suppose -1 + 2 = -2*j - 5*x, 4*j + 3*x = -9. Let b be a(j). Calculate the greatest common divisor of 14 and b.
14
Suppose 3*w = 2*w. Suppose 5*v + 3 - 8 = w. Suppose -15 = -d + v. Calculate the greatest common divisor of d and 16.
16
Suppose -5*d = -2*x - 110, -3*x = -7*x + 20. Let l = -428 + 644. What is the highest common divisor of d and l?
24
Let o = 2246 + -990. Calculate the greatest common divisor of 8 and o.
8
Suppose -f = -2*i - 5, 2*f + f - 15 = -4*i. Suppose 0*r + b - 172 = -r, -2*r + 4*b + 362 = i. What is the highest common divisor of 25 and r?
25
Let w(d) = 2*d**3 + 18*d**2 + 2*d - 15. Let m be w(-8). Let z = 107 - m. What is the greatest common factor of 15 and z?
5
Let b(q) = -4*q + 12. Let c(g) = 4*g - 13. Let i(x) = 5*b(x) + 4*c(x). Let o be i(5). Let z be 18/o*(1 + -73). Calculate the highest common factor of 12 and z.
12
Suppose 4 = 2*o - 0*o. Suppose 0 = -o*s + 6*s - 432. What is the greatest common divisor of 36 and s?
36
Suppose 0 = -812*k + 810*k + 228. Calculate the greatest common factor of 18 and k.
6
Let t(j) = -j**3 - 4*j**2 + 3*j - 12. Let x be t(-5). Let a be 1 + 0 + (-2 - (-4 - x)). Calculate the greatest common factor of 5 and a.
1
Let l = -175 - -222. What is the highest common divisor of 423 and l?
47
Let p be (-40)/(-5) + -2 - -11. Calculate the greatest common factor of 306 and p.
17
Suppose 88*l = 85*l - 4*m + 1112, 0 = 2*l + 4*m - 740. Calculate the greatest common divisor of 24 and l.
12
Suppose 3*x - 4 = -4*f - 0*f, 3*x - 12 = 0. Let u be (27/f)/(2/(-4)). Calculate the highest common divisor of u and 3.
3
Suppose -4*h - 13*d + 8*d = -10759, 2*h - d - 5369 = 0. Calculate the highest common divisor of h and 79.
79
Let n(s) = -7*s - 2. Let c be n(-1). Suppose -6*k + c*k = -14. What is the highest common factor of k and 35?
7
Let b(a) be the first derivative of -a**4/4 - 4*a**3/3 + 3*a + 4. Let o be -1*3 + 6 + -7. Let q be b(o). Calculate the highest common divisor of 6 and q.
3
Suppose 16*c + 2 = 15*c. Let a be 15 + 15 - (-8)/c. What is the highest common divisor of a and 13?
13
Suppose -125 = -2*i - 5*b, -3*i = -5*b - 122 - 28. Let x = i - 12. Calculate the highest common factor of x and 43.
43
Let j be (-7)/14*432/(-2). Suppose 5*h = -2*x + 128, 4*h + 4 = x + 96. What is the highest common factor of h and j?
12
Suppose -5*s - 3*w = -402, 2*s + 79 = 3*s + 2*w. Let v = -57 + s. Calculate the greatest common divisor of v and 6.
6
Let a be (3 - (0 + 0))/((-8)/24). Let h(q) = -6*q - 6. Let o be h(a). Calculate the highest common factor of 432 and o.
48
Suppose -9*f - 1144 = -20*f. Calculate the highest common factor of 4 and f.
4
Let m = 3 - -2. Suppose -m*q = -o - 18, q + 4*o = -q - 6. Suppose 0 = -2*k - g + 188, -g - 8 = q*g. Calculate the greatest common factor of 19 and k.
19
Suppose -75*x + 98*x - 230 = 0. Calculate the highest common divisor of x and 960.
10
Suppose 3*l - 3 = 15. Let k = -16 + 17. Suppose -5*d + a + 30 + 31 = 0, -a = k. What is the highest common divisor of l and d?
6
Let k(u) = 37*u**2 - 8*u**2 + 3 + 13*u**2 - 3*u. Let f be k(1). Calculate the greatest common factor of f and 6.
6
Let c be 1239/24*-2 + 2/8. Let z = c + 110. What is the greatest common divisor of 77 and z?
7
Let t(i) = 146*i + 0 - 2 - 4 - 16. Let c be t(3). What is the highest common divisor of 52 and c?
52
Suppose f + 1 = -1. Let h be f/((-6)/(-4) + -2). Calculate the greatest common divisor of h and 36.
4
Let i(r) = 4*r**2 - 4*r + 9. Let k be i(-3). What is the highest common divisor of k and 2337?
57
Suppose -27 + 4 = -w. Suppose -26 = -24*v + w*v. What is the greatest common divisor of 65 and v?
13
Suppose -f = -o - 166, -50 = -3*o - 35. Calculate the highest common divisor of 247 and f.
19
Suppose 18*r - 53 = 37. What is the greatest common factor of r and 9?
1
Let v = 1200 - 1158. What is the greatest common divisor of v and 112?
14
Let s = 75 + -56. Let a = 7 - 14. Let v = a + s. Calculate the highest common factor of v and 8.
4
Let u(a) = a**3 + a + 3. Let h be u(0). Let l be 1*h/1 + 2. Suppose 37 = 2*d + l*k, 4*k + 43 = -0*d + 5*d. Calculate the greatest common factor of d and 121.
11
Suppose -73 = -4*h - 13. Suppose -h*i + 48 = -17*i. Let a be (i - -1)*(-4 + 3). What is the greatest common divisor of 184 and a?
23
Let o = -6 + 8. Suppose -o*k + 0 + 4 = 0. Suppose 0*i = -k*i - 2*n + 206, 4*n = -3*i + 313. Calculate the greatest common divisor of i and 9.
9
Let t be 661/17 + 2*(-1)/(-17). Let j = t + -27. Calculate the greatest common factor of 48 and j.
12
Let j(l) = 10*l + 5. Let y be j(4). Let n = 62 + -56. Suppose -u + 15 = -3*m + 5*m, n = 2*m. Calculate the highest common factor of u and y.
9
Suppose 32*d = 35*d - 42. What is the highest common divisor of d and 4?
2
Suppose -5*c + 14 + 6 = 0. Suppose 750 = d + c*d. Suppose -7*k + 2*k = -d. What is the highest common divisor of 15 and k?
15
Let m(h) = -2*h**2 + 29*h + 13. Let d be m(14). What is the greatest common divisor of 27 and d?
27
Let x be 21/35 + 1071/15. Let a = 60 + x. What is the highest common factor of a and 12?
12
Let c be 0/(1 + 3 + -3). Suppose c*k = -k + 11. Suppose -2*u + 41 = k. Calculate the highest common factor of u and 105.
15
Let f(m) = 8 + 4 + 22 + 8*m. Let a be f(15). Let p = -14 + 28. Calculate the greatest common divisor of a and p.
14
Let x be ((-4)/6)/((-2)/9). Suppose -3*f - 5 - 16 = 0. Let j = f - -28. What is the greatest common factor of x and j?
3
Let u = 717 - 452. Calculate the highest common divisor of 53 and u.
53
Suppose -6 - 27 = -2*t + l, -69 = -5*t - 2*l. What is the greatest common factor of 180 and t?
15
Suppose -3*x + 12 = x. Suppose 0 = 5*j - x*t - 